-333
In base 8, what is 6 - 31?
-23
In base 14, what is -1d + 9?
-14
In base 3, what is 10012 + 1?
10020
In base 6, what is 114 - 55?
15
In base 12, what is 0 + -89?
-89
In base 16, what is -c48 + 0?
-c48
In base 3, what is -11 + -221101?
-221112
In base 5, what is 31242 - 0?
31242
In base 4, what is 12 - -1?
13
In base 15, what is 1 - -502?
503
In base 15, what is -9 - 5?
-e
In base 4, what is 302 + -2121?
-1213
In base 6, what is 10 + -242?
-232
In base 16, what is -2 + 4?
2
In base 16, what is e8 - 2?
e6
In base 3, what is -22 - 1212011?
-1212110
In base 16, what is 1 - -cf?
d0
In base 13, what is -5 + 69?
64
In base 4, what is 20133 + 3?
20202
In base 12, what is 4 - 34a?
-346
In base 6, what is -4 + -30?
-34
In base 2, what is -100111000 - -100?
-100110100
In base 6, what is 50 + -5?
41
In base 6, what is -11010 + 5?
-11001
In base 6, what is 450 + 31?
521
In base 16, what is 8ac - -5?
8b1
In base 16, what is -cc + -10?
-dc
In base 6, what is 150 - -5?
155
In base 6, what is -100 - -33?
-23
In base 3, what is -10001 - -220?
-2011
In base 8, what is 0 - -471?
471
In base 15, what is 2 + -64?
-62
In base 16, what is -1 + -5?
-6
In base 5, what is 41 - -32?
123
In base 13, what is -705 - 0?
-705
In base 4, what is -1101 - -3?
-1032
In base 9, what is 618 + -4?
614
In base 2, what is -1000 + 10011010011?
10011001011
In base 14, what is 71 - -2c?
9d
In base 8, what is -112 + -26?
-140
In base 14, what is 5 + -43c?
-437
In base 11, what is -1 - -243?
242
In base 11, what is 11 + -1100?
-109a
In base 14, what is 5 + c3?
c8
In base 3, what is 10101020 + -2?
10101011
In base 11, what is 0 - -2a8?
2a8
In base 13, what is 481 - -3b?
4bc
In base 6, what is 1104 + 2?
1110
In base 13, what is -5 - 15a?
-162
In base 14, what is -4a72 + -4?
-4a76
In base 11, what is 1 - 17?
-16
In base 2, what is -100 - 10110?
-11010
In base 5, what is -21 - -11?
-10
In base 16, what is 5 - -59?
5e
In base 4, what is -1 + 11032?
11031
In base 8, what is 10 - 470?
-460
In base 10, what is -5 + 1238?
1233
In base 4, what is -1 + 1032?
1031
In base 10, what is 4 - 121?
-117
In base 11, what is 1 - 135?
-134
In base 7, what is 205 - -3?
211
In base 15, what is -8 + 18b?
183
In base 8, what is -4 - -3775?
3771
In base 6, what is 2 + -1215?
-1213
In base 4, what is -3 - 22123?
-22132
In base 10, what is 326 + 4?
330
In base 10, what is 3 - 183?
-180
In base 2, what is 110111 - -100001?
1011000
In base 6, what is -41 - -11?
-30
In base 7, what is -131 + -55?
-216
In base 3, what is -20 - -1222?
1202
In base 5, what is -10211 + -1?
-10212
In base 6, what is -13 - 35?
-52
In base 6, what is -400 - -2?
-354
In base 11, what is -4021 + 4?
-4018
In base 5, what is -1041 + 0?
-1041
In base 13, what is -60c3 - 4?
-60c7
In base 9, what is 4 + -425?
-421
In base 13, what is 4431 + -1?
4430
In base 12, what is 0 + 167?
167
In base 7, what is -160 + -3?
-163
In base 12, what is a6 - -18?
102
In base 5, what is 3 + 4?
12
In base 2, what is 1100 - 1100011?
-1010111
In base 14, what is -96 - -3?
-93
In base 5, what is -1012 + -4?
-1021
In base 15, what is -7a - -44?
-36
In base 12, what is a01 - 4?
9b9
In base 14, what is -81 + -9?
-8a
In base 8, what is 2 + -54?
-52
In base 5, what is -10 - 32?
-42
In base 10, what is 2 + 4032?
4034
In base 5, what is 3 + 303?
311
In base 5, what is -1 - -3042?
3041
In base 4, what is -2312 - 3?
-2321
In base 6, what is 3 - -1134?
1141
In base 12, what is 3 - 36?
-33
In base 12, what is 6ab + 8?
6b7
In base 4, what is 210 - 122?
22
In base 14, what is -5 + -c1?
-c6
In base 14, what is 1 - -88?
89
In base 7, what is 2 - 12?
-10
In base 15, what is -152 - 7?
-159
In base 16, what is -5 + -24?
-29
In base 6, what is -5 + 2245?
2240
In base 2, what is 1000001010 + -1001?
1000000001
In base 15, what is -6 + 9b?
95
In base 6, what is -4 - 1335?
-1343
In base 11, what is 3 + 292?
295
In base 7, what is 204 - 1?
203
In base 13, what is -22 + 0?
-22
In base 6, what is 230 - -3?
233
In base 14, what is -b459 - 2?
-b45b
In base 12, what is 49 - a?
3b
In base 6, what is -142 - 34?
-220
In base 6, what is 10 - 5000?
-4550
In base 4, what is 10 - -1102?
1112
In base 14, what is 2222 + -2?
2220
In base 6, what is -33530 - -4?
-33522
In base 10, what is 404 - -6?
410
In base 11, what is 3 - 4944?
-4941
In base 10, what is 15 + 100?
115
In base 3, what is 10 + 12222220?
20000000
In base 14, what is -10 - 61?
-71
In base 11, what is 5294 + -4?
5290
In base 11, what is -13 - -5?
-9
In base 2, what is -110100100 - -100?
-110100000
In base 10, what is -1494 - -2?
-1492
In base 4, what is -13122 + 120?
-13002
In base 16, what is 5bf + -4?
5bb
In base 11, what is -1 - 1?
-2
In base 5, what is 3041 + -4?
3032
In base 2, what is 111100010010 - -10?
111100010100
In base 15, what is 4b + -2e?
1c
In base 8, what is 4 - 27?
-23
In base 13, what is -22 + ca?
a8
In base 14, what is 2c - 50?
-22
In base 15, what is -20 - 42?
-62
In base 16, what is 1 - -1a?
1b
In base 15, what is 2 - 1b8?
-1b6
In base 8, what is -23 - 2?
-25
In base 16, what is -43 + 0?
-43
In base 10, what is 431 - -1?
432
In base 8, what is -142 - 0?
-142
In base 6, what is 5241 + -44?
5153
In base 13, what is -21 + -6?
-27
In base 15, what is 7 + -1cc?
-1c5
In base 16, what is 36 + -8d?
-57
In base 3, what is 0 + 11100210?
11100210
In base 4, what is 0 + -113120?
-113120
In base 14, what is 16 - 156?
-140
In base 9, what is -4 + 2530?
2525
In base 7, what is -663 + -1?
-664
In base 13, what is -5 - 396?
-39b
In base 4, what is -1 + -101331?
-101332
In base 11, what is 14 - -5?
19
In base 10, what is 680 + 0?
680
In base 4, what is 12132 - -11?
12203
In base 9, what is 4 + -38?
-34
In base 9, what is -265 - 7?
-273
In base 2, what is -101100100 - -1010?
-101011010
In base 14, what is -b8 + 0?
-b8
In base 5, what is 24244 + -21?
24223
In base 11, what is -26 - -300?
285
In base 12, what is -2b + a?
-21
In base 9, what is -70 - -27?
-42
In base 3, what is 2020 + -12011?
-2221
In base 6, what is 0 + 14?
14
In base 9, what is -5 - 6?
-12
In base 9, what is -1240 - 0?
-1240
In base 8, what is 4 - 221?
-215
In base 14, what is -cb9 - -3?
-cb6
In base 11, what is 4 - 11a?
-116
In base 11, what is -17a4 - 4?
-17a8
In base 4, what is -222 - 0?
-222
In base 5, what is -333 + 20?
-313
In base 6, what is -3 - 1053?
-1100
In base 16, what is 0 + 27?
27
In base 6, what is -10 + -21?
-31
In base 9, what is 3256 + 5?
3262
In base 2, what is -1000 + 1001?
1
In base 6, what is -30 - 4?
-34
In base 5, what is 14221 + 0?
14221
In base 12, what is 2a - 213?
-1a5
In base 15, what is 12 - -9e?
b1
In base 2, what is -100001010100 - -100?
-100001010000
In base 13, what is -70 - -2?
-6b
In base 4, what is 1030021 - 2?
1030013
In base 12, what is 26b + 5?
274
In base 8, what is 23 + 13?
36
In base 8, what is 5 - 154?
-147
In base 10, what is 22 - -3?
25
In base 12, what is 6 + -70?
-66
In base 13, what is -6 + c?
6
In base 7, what is -51212 - 1?
-51213
In base 16, what is c - 20?
-14
In base 16, what is -1 - 14?
-15
In base 12, what is -32a6 - 0?
-32a6
In base 10, what is 0 + -555?
-555
In base 12, what is 2 - -88?
8a
In base 6, what is 14 + 3?
21
In base 7, what is 11 - -226?
240
In base 5, what is 0 + 1314?
1314
In base 9, what is 2 - 408?
-406
In base 16, what is 5 + d?
12
In base 6, what is 114454 - -3?
114501
In base 6, what is 2534 + -1?
2533
In base 11, what is 5 + 647?
651
In base 16, what is -262 + -9?
-26b
In base 13, what is 3 + 306?
309
In base 10, what is 3 + -2433?
-2430
In base 14, what is 69b2 - 4?
69ac
In base 9, what is -157 - 0?
-157
In base 14, what is 304 - -4?
308
In base 11, what is -3 + -8?
-10
In base 9, what is 228 + 82?
321
In base 8, what is 15 - -10?
25
In base 14, what is 166 - -2?
168
In base 4, what is -103 - 3?
-112
In base 9, what is -1 - -38?
37
In base 14, what is -25 - b?
-32
In base 14, what is -1 - 14?
-15
In base 8, what is -2061 + -3?
-2064
In base 8, what is 5602 - 5?
5575
In base 3, what is 112 - -12110?
12222
In base 6, what is 20331 - 14?
20313
In base 15, what is 3 + 62?
65
In base 6, what is -4 - 41?
-45
In base 14, what is -2a + 75?
49
In base 9, what is 3 - 117?
-114
In base 4, what is -13 + 1120?
1101
In base 13, what is 18 + 1c?
37
In base 15, what is 11 + 13?
24
In base 10, what is -2650 - 